{"id":66,"date":"2021-03-10T11:35:00","date_gmt":"2021-03-10T14:35:00","guid":{"rendered":"https:\/\/sisdia.df.gov.br\/home\/?page_id=66"},"modified":"2025-04-22T11:40:27","modified_gmt":"2025-04-22T14:40:27","slug":"dados-e-informacoes","status":"publish","type":"page","link":"https:\/\/sisdia.df.gov.br\/home\/dados-e-informacoes\/","title":{"rendered":"Dados e Informa\u00e7\u00f5es"},"content":{"rendered":"<p>[et_pb_section fb_built=&#8221;1&#8243; admin_label=&#8221;Se\u00e7\u00e3o&#8221; module_id=&#8221;topo&#8221; _builder_version=&#8221;4.9.1&#8243; _module_preset=&#8221;default&#8221; background_color=&#8221;#f9f8ee&#8221; background_image=&#8221;https:\/\/sisdia.df.gov.br\/home\/wp-content\/uploads\/2021\/03\/BG-1.png&#8221; background_size=&#8221;contain&#8221; background_position=&#8221;top_right&#8221; custom_margin=&#8221;30px||||false|false&#8221; custom_padding=&#8221;||2px|||&#8221; da_popup_slug=&#8221;topo&#8221; da_disable_devices=&#8221;off|off|off&#8221; da_is_popup=&#8221;off&#8221; da_exit_intent=&#8221;off&#8221; da_has_close=&#8221;on&#8221; da_alt_close=&#8221;off&#8221; da_dark_close=&#8221;off&#8221; da_not_modal=&#8221;on&#8221; da_is_singular=&#8221;off&#8221; da_with_loader=&#8221;off&#8221; da_has_shadow=&#8221;on&#8221;][et_pb_row admin_label=&#8221;Linha&#8221; _builder_version=&#8221;4.9.1&#8243; _module_preset=&#8221;default&#8221; custom_padding=&#8221;44px||80px||false|false&#8221;][et_pb_column type=&#8221;4_4&#8243; admin_label=&#8221;Dados-e-informacoes-button&#8221; _builder_version=&#8221;4.9.1&#8243; _module_preset=&#8221;default&#8221;][et_pb_text admin_label=&#8221;Dados-e-informacoes-button&#8221; _builder_version=&#8221;4.9.1&#8243; _module_preset=&#8221;default&#8221; text_font=&#8221;Roboto|300|||||||&#8221; text_text_color=&#8221;#555555&#8243; text_font_size=&#8221;26px&#8221; text_orientation=&#8221;center&#8221; custom_margin=&#8221;||1px|||&#8221; custom_margin_tablet=&#8221;&#8221; custom_margin_phone=&#8221;||-40px||false|false&#8221; custom_margin_last_edited=&#8221;on|phone&#8221; custom_padding=&#8221;5px||7px|||&#8221;]Dados, informa\u00e7\u00f5es e conceitos ambientais, sociais e territoriais[\/et_pb_text][et_pb_text admin_label=&#8221;Dados-e-informacoes-button&#8221; _builder_version=&#8221;4.9.1&#8243; _module_preset=&#8221;default&#8221; text_font=&#8221;Dosis|700|||||||&#8221; text_text_color=&#8221;#555555&#8243; text_font_size=&#8221;44px&#8221; text_orientation=&#8221;center&#8221; module_alignment=&#8221;center&#8221; custom_margin_tablet=&#8221;&#8221; custom_margin_phone=&#8221;||-50px||false|false&#8221; custom_margin_last_edited=&#8221;on|phone&#8221; custom_padding=&#8221;10px||20px|||&#8221; custom_padding_tablet=&#8221;&#8221; custom_padding_phone=&#8221;10px||0px||false|false&#8221; custom_padding_last_edited=&#8221;on|phone&#8221; text_line_height_tablet=&#8221;&#8221; text_line_height_phone=&#8221;1.1em&#8221; text_line_height_last_edited=&#8221;on|phone&#8221;]dispon\u00edveis de forma f\u00e1cil e r\u00e1pida![\/et_pb_text][\/et_pb_column][\/et_pb_row][et_pb_row column_structure=&#8221;1_4,1_4,1_4,1_4&#8243; use_custom_gutter=&#8221;on&#8221; gutter_width=&#8221;1&#8243; make_equal=&#8221;on&#8221; admin_label=&#8221;Linha&#8221; _builder_version=&#8221;4.9.1&#8243; _module_preset=&#8221;default&#8221; width=&#8221;92%&#8221; module_alignment=&#8221;center&#8221; custom_margin=&#8221;0px|0px|0px|0px|false|false&#8221; custom_padding=&#8221;0px|0px|0px|0px|false|false&#8221;][et_pb_column type=&#8221;1_4&#8243; _builder_version=&#8221;4.9.1&#8243; _module_preset=&#8221;default&#8221;][et_pb_button button_url=&#8221;#catalogo-de-informacoes&#8221; button_text=&#8221;Cat\u00e1logo de Informa\u00e7\u00f5es&#8221; button_alignment=&#8221;center&#8221; admin_label=&#8221;Dados-e-informacoes-button&#8221; module_class=&#8221;reveal_button31&#8243; _builder_version=&#8221;4.9.1&#8243; _module_preset=&#8221;default&#8221; button_text_size=&#8221;13px&#8221; button_border_color=&#8221;#d6d6d6&#8243; button_font=&#8221;Roboto|700|||||||&#8221; custom_margin=&#8221;0px||||false|false&#8221; custom_padding=&#8221;7px|36px|7px|36px|true|true&#8221; custom_css_main_element=&#8221;background: var(&#8211;unnamed-color-ffffff) 0% 0% no-repeat padding-box;||border: 1px;||border: 1px solid #9999994F;||border-radius: 100px 0px 0px 100px;||cursor:pointer;||width: 101%;&#8221; button_text_size__hover_enabled=&#8221;off|desktop&#8221; button_text_color__hover_enabled=&#8221;on|hover&#8221; button_text_color__hover=&#8221;#FFFFFF&#8221; button_bg_color__hover_enabled=&#8221;on|hover&#8221; button_bg_color__hover=&#8221;#9ab59e&#8221; button_bg_enable_color__hover=&#8221;on&#8221; button_border_width__hover_enabled=&#8221;on|hover&#8221; button_border_width__hover=&#8221;1px&#8221; button_text__hover_enabled=&#8221;on|desktop&#8221; custom_css_main_element_last_edited=&#8221;on|phone&#8221; custom_css_main_element_phone=&#8221;background: var(&#8211;unnamed-color-ffffff) 0% 0% no-repeat padding-box;||border: 1px;||border: 1px solid #9999994F;||border-radius: 20px 20px 0px 0px;||cursor:pointer;||width: 101%;&#8221;][\/et_pb_button][\/et_pb_column][et_pb_column type=&#8221;1_4&#8243; admin_label=&#8221;Dados-e-informacoes-button&#8221; _builder_version=&#8221;4.9.1&#8243; _module_preset=&#8221;default&#8221;][et_pb_button button_url=&#8221;https:\/\/metadados.sisdia.df.gov.br\/geonetwork\/&#8221; url_new_window=&#8221;on&#8221; button_text=&#8221;Metadados&#8221; button_alignment=&#8221;center&#8221; _builder_version=&#8221;4.9.1&#8243; _module_preset=&#8221;default&#8221; button_text_size=&#8221;13px&#8221; button_border_color=&#8221;#d6d6d6&#8243; button_font=&#8221;Roboto|700|||||||&#8221; custom_margin=&#8221;0px|||-8px|false|false&#8221; custom_padding=&#8221;7px|65px|7px|65px|true|true&#8221; button_text_size_last_edited=&#8221;off|desktop&#8221; custom_css_main_element=&#8221;background: var(&#8211;unnamed-color-ffffff) 0% 0% no-repeat padding-box;||border: 1px;||border: 1px solid #9999994F;||border-radius: 0px 0px 0px 0px;||cursor:pointer;||width: 101%;&#8221; button_text_size__hover_enabled=&#8221;on|hover&#8221; button_bg_color__hover_enabled=&#8221;on|hover&#8221; button_bg_color__hover=&#8221;#9ab59e&#8221; button_bg_enable_color__hover=&#8221;on&#8221; button_border_radius__hover_enabled=&#8221;off|hover&#8221; button_text_color__hover_enabled=&#8221;on|hover&#8221; button_text_color__hover=&#8221;#FFFFFF&#8221; button_border_color__hover_enabled=&#8221;on|hover&#8221;][\/et_pb_button][\/et_pb_column][et_pb_column type=&#8221;1_4&#8243; admin_label=&#8221;Dados-e-informacoes-button&#8221; _builder_version=&#8221;4.9.1&#8243; _module_preset=&#8221;default&#8221;][et_pb_button button_url=&#8221;https:\/\/sisdia.df.gov.br\/home\/repositorio-de-dados\/&#8221; url_new_window=&#8221;on&#8221; button_text=&#8221;Reposit\u00f3rio de Dados&#8221; button_alignment=&#8221;center&#8221; _builder_version=&#8221;4.9.1&#8243; _module_preset=&#8221;default&#8221; button_text_size=&#8221;13px&#8221; button_border_color=&#8221;#d6d6d6&#8243; button_font=&#8221;Roboto|700|||||||&#8221; custom_margin=&#8221;0px|||-8px|false|false&#8221; custom_padding=&#8221;7px|65px|7px|65px|true|true&#8221; button_text_size_last_edited=&#8221;off|desktop&#8221; custom_css_main_element=&#8221;background: var(&#8211;unnamed-color-ffffff) 0% 0% no-repeat padding-box;||border: 1px;||border: 1px solid #9999994F;||border-radius: 0px 0px 0px 0px;||cursor:pointer;||width: 101%;&#8221; button_text_size__hover_enabled=&#8221;on|hover&#8221; button_bg_color__hover_enabled=&#8221;on|hover&#8221; button_bg_color__hover=&#8221;#9ab59e&#8221; button_bg_enable_color__hover=&#8221;on&#8221; button_border_radius__hover_enabled=&#8221;off|hover&#8221; button_text_color__hover_enabled=&#8221;on|hover&#8221; button_text_color__hover=&#8221;#FFFFFF&#8221; button_border_color__hover_enabled=&#8221;on|hover&#8221;][\/et_pb_button][\/et_pb_column][et_pb_column type=&#8221;1_4&#8243; admin_label=&#8221;Dados-e-informacoes-button&#8221; _builder_version=&#8221;4.9.1&#8243; _module_preset=&#8221;default&#8221;][et_pb_button button_url=&#8221;#glossario&#8221; button_text=&#8221;Gloss\u00e1rio&#8221; button_alignment=&#8221;center&#8221; button_alignment_last_edited=&#8221;off|desktop&#8221; admin_label=&#8221;Dados-e-informacoes-button&#8221; module_class=&#8221;reveal_button33&#8243; _builder_version=&#8221;4.9.1&#8243; _module_preset=&#8221;default&#8221; button_text_size=&#8221;13px&#8221; button_text_color=&#8221;#555555&#8243; button_border_color=&#8221;#d6d6d6&#8243; button_font=&#8221;Roboto|700|||||||&#8221; custom_margin=&#8221;0px|0px|0px|0px|false|false&#8221; custom_padding=&#8221;7px|124px|7px|124px|true|false&#8221; custom_padding_tablet=&#8221;&#8221; custom_padding_phone=&#8221;&#8221; custom_padding_last_edited=&#8221;on|desktop&#8221; custom_css_main_element=&#8221;background: var(&#8211;unnamed-color-ffffff) 0% 0% no-repeat padding-box;||border: 1px;||border: 1px solid #9999994F;||border-radius: 0px 100px 100px 0px;||cursor:pointer;||width:101%;&#8221; button_text_color__hover_enabled=&#8221;on|desktop&#8221; button_bg_color__hover_enabled=&#8221;on|hover&#8221; button_bg_color__hover=&#8221;#9ab59e&#8221; button_bg_enable_color__hover=&#8221;on&#8221; button_text_color__hover=&#8221;#ffffff&#8221; button_border_color__hover_enabled=&#8221;on|hover&#8221; custom_css_main_element_last_edited=&#8221;on|phone&#8221; custom_css_main_element_phone=&#8221;background: var(&#8211;unnamed-color-ffffff) 0% 0% no-repeat padding-box;||border: 1px;||border: 1px solid #9999994F;||border-radius: 0px 0px 20px 20px;||cursor:pointer;||width:101%;&#8221; custom_margin__hover_enabled=&#8221;on|hover&#8221;][\/et_pb_button][\/et_pb_column][\/et_pb_row][\/et_pb_section][et_pb_section fb_built=&#8221;1&#8243; admin_label=&#8221;Catalogo de Informa\u00e7\u00f5es&#8221; module_class=&#8221;reveal_content31&#8243; _builder_version=&#8221;4.9.1&#8243; _module_preset=&#8221;default&#8221; background_color=&#8221;#f9f8ee&#8221; custom_padding=&#8221;3px||3px|||&#8221; da_popup_slug=&#8221;catalogo-de-informacoes-rv&#8221; da_disable_devices=&#8221;off|off|off&#8221; da_is_popup=&#8221;off&#8221; da_exit_intent=&#8221;off&#8221; da_has_close=&#8221;on&#8221; da_alt_close=&#8221;off&#8221; da_dark_close=&#8221;off&#8221; da_not_modal=&#8221;on&#8221; da_is_singular=&#8221;off&#8221; da_with_loader=&#8221;off&#8221; da_has_shadow=&#8221;on&#8221;][et_pb_row admin_label=&#8221;Dados-e-informacoes-button&#8221; _builder_version=&#8221;4.9.1&#8243; _module_preset=&#8221;default&#8221;][et_pb_column type=&#8221;4_4&#8243; admin_label=&#8221;Dados-e-informacoes-button&#8221; _builder_version=&#8221;4.9.1&#8243; _module_preset=&#8221;default&#8221;][et_pb_code admin_label=&#8221;Dados-e-informacoes-button&#8221; _builder_version=&#8221;4.9.1&#8243; _module_preset=&#8221;default&#8221;][\/et_pb_code][\/et_pb_column][\/et_pb_row][\/et_pb_section][et_pb_section fb_built=&#8221;1&#8243; admin_label=&#8221;Repositorio de Dados&#8221; module_class=&#8221;reveal_content32&#8243; _builder_version=&#8221;4.9.1&#8243; _module_preset=&#8221;default&#8221; background_color=&#8221;#f9f8ee&#8221; custom_padding=&#8221;3px||3px|||&#8221; da_popup_slug=&#8221;repositorio-de-dados-rv&#8221; da_disable_devices=&#8221;off|off|off&#8221; da_is_popup=&#8221;off&#8221; da_exit_intent=&#8221;off&#8221; da_has_close=&#8221;on&#8221; da_alt_close=&#8221;off&#8221; da_dark_close=&#8221;off&#8221; da_not_modal=&#8221;on&#8221; da_is_singular=&#8221;off&#8221; da_with_loader=&#8221;off&#8221; da_has_shadow=&#8221;on&#8221;][et_pb_row admin_label=&#8221;Repositorio de Dados&#8221; _builder_version=&#8221;4.9.1&#8243; _module_preset=&#8221;default&#8221;][et_pb_column type=&#8221;4_4&#8243; admin_label=&#8221;Dados-e-informacoes-button&#8221; _builder_version=&#8221;4.9.1&#8243; _module_preset=&#8221;default&#8221;][et_pb_code admin_label=&#8221;Dados-e-informacoes-button&#8221; _builder_version=&#8221;4.9.1&#8243; _module_preset=&#8221;default&#8221;][\/et_pb_code][\/et_pb_column][\/et_pb_row][\/et_pb_section][et_pb_section fb_built=&#8221;1&#8243; admin_label=&#8221;Glossario&#8221; module_class=&#8221;reveal_content33&#8243; _builder_version=&#8221;4.9.1&#8243; _module_preset=&#8221;default&#8221; background_color=&#8221;#f9f8ee&#8221; background_enable_image=&#8221;off&#8221; custom_padding=&#8221;3px||3px|||&#8221; da_popup_slug=&#8221;glossario-rv&#8221; da_disable_devices=&#8221;off|off|off&#8221; da_is_popup=&#8221;off&#8221; da_exit_intent=&#8221;off&#8221; da_has_close=&#8221;on&#8221; da_alt_close=&#8221;off&#8221; da_dark_close=&#8221;off&#8221; da_not_modal=&#8221;on&#8221; da_is_singular=&#8221;off&#8221; da_with_loader=&#8221;off&#8221; da_has_shadow=&#8221;on&#8221;][et_pb_row admin_label=&#8221;Linha&#8221; module_id=&#8221;glossario&#8221; _builder_version=&#8221;4.9.1&#8243; _module_preset=&#8221;default&#8221;][et_pb_column type=&#8221;4_4&#8243; admin_label=&#8221;Dados-e-informacoes-button&#8221; _builder_version=&#8221;4.9.1&#8243; _module_preset=&#8221;default&#8221;][et_pb_text admin_label=&#8221;Dados-e-informacoes-button&#8221; _builder_version=&#8221;4.9.1&#8243; _module_preset=&#8221;default&#8221; text_font=&#8221;Roboto||||||||&#8221; text_font_size=&#8221;15px&#8221; text_orientation=&#8221;center&#8221;]Criamos este gloss\u00e1rio de palavras-chaves e termos espec\u00edficos constantes no artigo 3 da Lei Org\u00e2nica do Distrito Federal para otimizar ainda mais o seu entendimento e a sua busca por dados e informa\u00e7\u00f5es dispon\u00edveis no portal SISDIA.[\/et_pb_text][\/et_pb_column][\/et_pb_row][et_pb_row admin_label=&#8221;Dados-e-informacoes-button&#8221; _builder_version=&#8221;4.9.1&#8243; _module_preset=&#8221;default&#8221; width=&#8221;89.4%&#8221;][et_pb_column type=&#8221;4_4&#8243; admin_label=&#8221;Dados-e-informacoes-button&#8221; _builder_version=&#8221;4.9.1&#8243; _module_preset=&#8221;default&#8221;][et_pb_code admin_label=&#8221;Dados-e-informacoes-button&#8221; _builder_version=&#8221;4.9.1&#8243; _module_preset=&#8221;default&#8221;][\/et_pb_code][\/et_pb_column][\/et_pb_row][\/et_pb_section][et_pb_section fb_built=&#8221;1&#8243; admin_label=&#8221;Se\u00e7\u00e3o&#8221; _builder_version=&#8221;4.9.1&#8243; _module_preset=&#8221;default&#8221; background_color=&#8221;#f9f8ee&#8221; custom_margin=&#8221;0px||0px||true|false&#8221; custom_padding=&#8221;0px||0px||true|false&#8221; da_disable_devices=&#8221;off|off|off&#8221; da_is_popup=&#8221;off&#8221; da_exit_intent=&#8221;off&#8221; da_has_close=&#8221;on&#8221; da_alt_close=&#8221;off&#8221; da_dark_close=&#8221;off&#8221; da_not_modal=&#8221;on&#8221; da_is_singular=&#8221;off&#8221; da_with_loader=&#8221;off&#8221; da_has_shadow=&#8221;on&#8221;][et_pb_row column_structure=&#8221;3_4,1_4&#8243; admin_label=&#8221;Voltar ao topo&#8221; module_id=&#8221;voltar-ao-topo&#8221; _builder_version=&#8221;4.9.1&#8243; _module_preset=&#8221;default&#8221; custom_margin=&#8221;||||false|false&#8221; custom_padding=&#8221;3px||0px||false|false&#8221; global_module=&#8221;1419&#8243; saved_tabs=&#8221;all&#8221;][et_pb_column type=&#8221;3_4&#8243; admin_label=&#8221;Coluna&#8221; _builder_version=&#8221;4.9.1&#8243; _module_preset=&#8221;default&#8221;][et_pb_image src=&#8221;https:\/\/sisdia.df.gov.br\/home\/wp-content\/uploads\/2021\/03\/fundo-2.png&#8221; src_tablet=&#8221;&#8221; src_phone=&#8221;&#8221; src_last_edited=&#8221;on|desktop&#8221; disabled_on=&#8221;on|off|off&#8221; admin_label=&#8221;Imagem&#8221; module_id=&#8221;folha-fixada-rodape&#8221; _builder_version=&#8221;4.9.1&#8243; _module_preset=&#8221;default&#8221; module_alignment=&#8221;left&#8221; custom_margin=&#8221;||||false|false&#8221; custom_padding=&#8221;||||false|false&#8221; custom_css_main_element=&#8221;position: fixed !important;||z-index: 1 !important;||bottom: -3em !important;||left: 0 !important;&#8221; src__hover_enabled=&#8221;off|desktop&#8221;][\/et_pb_image][\/et_pb_column][et_pb_column type=&#8221;1_4&#8243; admin_label=&#8221;Dados-e-informacoes-button&#8221; _builder_version=&#8221;4.9.1&#8243; _module_preset=&#8221;default&#8221;][et_pb_button button_url=&#8221;#topo&#8221; button_text=&#8221; &#8221; button_alignment=&#8221;right&#8221; admin_label=&#8221;Dados-e-informacoes-button&#8221; module_id=&#8221;voltar-ao-topo&#8221; _builder_version=&#8221;4.9.1&#8243; _module_preset=&#8221;default&#8221; button_text_size=&#8221;29px&#8221; button_text_color=&#8221;#707070&#8243; button_bg_color=&#8221;rgba(255,255,255,0.8)&#8221; button_border_width=&#8221;0px&#8221; button_icon=&#8221;%%21%%&#8221; button_icon_placement=&#8221;right&#8221; z_index=&#8221;1&#8243; custom_margin=&#8221;||||false|false&#8221; custom_padding=&#8221;0px|48px|0px|0px|true|false&#8221; custom_css_main_element=&#8221;position: fixed !important;||bottom: 1em !important;||right: 1em !important;||z-index: 1 !important;||width: 50px;||height: 50px;||border-radius: 100px;&#8221; box_shadow_style=&#8221;preset1&#8243; box_shadow_vertical=&#8221;0px&#8221; box_shadow_blur=&#8221;5px&#8221;][\/et_pb_button][\/et_pb_column][\/et_pb_row][\/et_pb_section][et_pb_section fb_built=&#8221;1&#8243; admin_label=&#8221;Dados-e-informacoes-button&#8221; _builder_version=&#8221;4.9.1&#8243; _module_preset=&#8221;default&#8221; background_color=&#8221;#f9f8ee&#8221; custom_padding=&#8221;3px||2px|||&#8221; da_disable_devices=&#8221;off|off|off&#8221; da_is_popup=&#8221;off&#8221; da_exit_intent=&#8221;off&#8221; da_has_close=&#8221;on&#8221; da_alt_close=&#8221;off&#8221; da_dark_close=&#8221;off&#8221; da_not_modal=&#8221;on&#8221; da_is_singular=&#8221;off&#8221; da_with_loader=&#8221;off&#8221; da_has_shadow=&#8221;on&#8221;][et_pb_row admin_label=&#8221;Dados-e-informacoes-button&#8221; _builder_version=&#8221;4.9.1&#8243; _module_preset=&#8221;default&#8221;][et_pb_column type=&#8221;4_4&#8243; admin_label=&#8221;Dados-e-informacoes-button&#8221; _builder_version=&#8221;4.9.1&#8243; _module_preset=&#8221;default&#8221;][et_pb_code admin_label=&#8221;Dados-e-informacoes-button&#8221; _builder_version=&#8221;4.9.1&#8243; _module_preset=&#8221;default&#8221; custom_padding=&#8221;0px||0px|0px|true|false&#8221;][\/et_pb_code][\/et_pb_column][\/et_pb_row][\/et_pb_section]<\/p>\n","protected":false},"excerpt":{"rendered":"<p>[et_pb_section fb_built=&#8221;1&#8243; admin_label=&#8221;Se\u00e7\u00e3o&#8221; module_id=&#8221;topo&#8221; _builder_version=&#8221;4.9.1&#8243; _module_preset=&#8221;default&#8221; background_color=&#8221;#f9f8ee&#8221; background_image=&#8221;https:\/\/sisdia.df.gov.br\/home\/wp-content\/uploads\/2021\/03\/BG-1.png&#8221; background_size=&#8221;contain&#8221; background_position=&#8221;top_right&#8221; custom_margin=&#8221;30px||||false|false&#8221; custom_padding=&#8221;||2px|||&#8221; da_popup_slug=&#8221;topo&#8221; da_disable_devices=&#8221;off|off|off&#8221; da_is_popup=&#8221;off&#8221; da_exit_intent=&#8221;off&#8221; da_has_close=&#8221;on&#8221; da_alt_close=&#8221;off&#8221; da_dark_close=&#8221;off&#8221; da_not_modal=&#8221;on&#8221; da_is_singular=&#8221;off&#8221; da_with_loader=&#8221;off&#8221; da_has_shadow=&#8221;on&#8221;][et_pb_row admin_label=&#8221;Linha&#8221; _builder_version=&#8221;4.9.1&#8243; _module_preset=&#8221;default&#8221; custom_padding=&#8221;44px||80px||false|false&#8221;][et_pb_column type=&#8221;4_4&#8243; admin_label=&#8221;Dados-e-informacoes-button&#8221; _builder_version=&#8221;4.9.1&#8243; _module_preset=&#8221;default&#8221;][et_pb_text admin_label=&#8221;Dados-e-informacoes-button&#8221; _builder_version=&#8221;4.9.1&#8243; _module_preset=&#8221;default&#8221; text_font=&#8221;Roboto|300|||||||&#8221; text_text_color=&#8221;#555555&#8243; text_font_size=&#8221;26px&#8221; text_orientation=&#8221;center&#8221; custom_margin=&#8221;||1px|||&#8221; custom_margin_tablet=&#8221;&#8221; custom_margin_phone=&#8221;||-40px||false|false&#8221; custom_margin_last_edited=&#8221;on|phone&#8221; custom_padding=&#8221;5px||7px|||&#8221;]Dados, informa\u00e7\u00f5es e conceitos ambientais, sociais e territoriais[\/et_pb_text][et_pb_text admin_label=&#8221;Dados-e-informacoes-button&#8221; _builder_version=&#8221;4.9.1&#8243; _module_preset=&#8221;default&#8221; text_font=&#8221;Dosis|700|||||||&#8221; text_text_color=&#8221;#555555&#8243; [&hellip;]<\/p>\n","protected":false},"author":1,"featured_media":0,"parent":0,"menu_order":0,"comment_status":"closed","ping_status":"closed","template":"","meta":{"_et_pb_use_builder":"on","_et_pb_old_content":"","_et_gb_content_width":"","footnotes":""},"yoast_head":"<!-- This site is optimized with the Yoast SEO plugin v16.8 - https:\/\/yoast.com\/wordpress\/plugins\/seo\/ -->\r\n<title>Dados e Informa\u00e7\u00f5es - SISDIA<\/title>\r\n<meta name=\"description\" content=\"Dados e informa\u00e7\u00f5es\" \/>\r\n<meta name=\"robots\" content=\"index, follow, max-snippet:-1, max-image-preview:large, max-video-preview:-1\" \/>\r\n<link rel=\"canonical\" href=\"https:\/\/sisdia.df.gov.br\/home\/dados-e-informacoes\/\" \/>\r\n<meta property=\"og:locale\" content=\"pt_BR\" \/>\r\n<meta property=\"og:type\" content=\"article\" \/>\r\n<meta property=\"og:title\" content=\"Dados e Informa\u00e7\u00f5es - SISDIA\" \/>\r\n<meta property=\"og:description\" content=\"Dados e informa\u00e7\u00f5es\" \/>\r\n<meta property=\"og:url\" content=\"https:\/\/sisdia.df.gov.br\/home\/dados-e-informacoes\/\" \/>\r\n<meta property=\"og:site_name\" content=\"SISDIA\" \/>\r\n<meta property=\"article:modified_time\" content=\"2025-04-22T14:40:27+00:00\" \/>\r\n<meta name=\"twitter:card\" content=\"summary_large_image\" \/>\r\n<meta name=\"twitter:label1\" content=\"Est. tempo de leitura\" \/>\n\t<meta name=\"twitter:data1\" content=\"3 minutos\" \/>\r\n<script type=\"application\/ld+json\" class=\"yoast-schema-graph\">{\"@context\":\"https:\/\/schema.org\",\"@graph\":[{\"@type\":\"WebSite\",\"@id\":\"https:\/\/sisdia.df.gov.br\/home\/#website\",\"url\":\"https:\/\/sisdia.df.gov.br\/home\/\",\"name\":\"SISDIA\",\"description\":\"Sistema Distrital de Informa\\u00e7\\u00f5es Ambientais\",\"potentialAction\":[{\"@type\":\"SearchAction\",\"target\":{\"@type\":\"EntryPoint\",\"urlTemplate\":\"https:\/\/sisdia.df.gov.br\/home\/?s={search_term_string}\"},\"query-input\":\"required name=search_term_string\"}],\"inLanguage\":\"pt-BR\"},{\"@type\":\"WebPage\",\"@id\":\"https:\/\/sisdia.df.gov.br\/home\/dados-e-informacoes\/#webpage\",\"url\":\"https:\/\/sisdia.df.gov.br\/home\/dados-e-informacoes\/\",\"name\":\"Dados e Informa\\u00e7\\u00f5es - SISDIA\",\"isPartOf\":{\"@id\":\"https:\/\/sisdia.df.gov.br\/home\/#website\"},\"datePublished\":\"2021-03-10T14:35:00+00:00\",\"dateModified\":\"2025-04-22T14:40:27+00:00\",\"description\":\"Dados e informa\\u00e7\\u00f5es\",\"breadcrumb\":{\"@id\":\"https:\/\/sisdia.df.gov.br\/home\/dados-e-informacoes\/#breadcrumb\"},\"inLanguage\":\"pt-BR\",\"potentialAction\":[{\"@type\":\"ReadAction\",\"target\":[\"https:\/\/sisdia.df.gov.br\/home\/dados-e-informacoes\/\"]}]},{\"@type\":\"BreadcrumbList\",\"@id\":\"https:\/\/sisdia.df.gov.br\/home\/dados-e-informacoes\/#breadcrumb\",\"itemListElement\":[{\"@type\":\"ListItem\",\"position\":1,\"name\":\"In\\u00edcio\",\"item\":\"https:\/\/sisdia.df.gov.br\/home\/\"},{\"@type\":\"ListItem\",\"position\":2,\"name\":\"Dados e Informa\\u00e7\\u00f5es\"}]}]}<\/script>\r\n<!-- \/ Yoast SEO plugin. -->","yoast_head_json":{"title":"Dados e Informa\u00e7\u00f5es - SISDIA","description":"Dados e informa\u00e7\u00f5es","robots":{"index":"index","follow":"follow","max-snippet":"max-snippet:-1","max-image-preview":"max-image-preview:large","max-video-preview":"max-video-preview:-1"},"canonical":"https:\/\/sisdia.df.gov.br\/home\/dados-e-informacoes\/","og_locale":"pt_BR","og_type":"article","og_title":"Dados e Informa\u00e7\u00f5es - SISDIA","og_description":"Dados e informa\u00e7\u00f5es","og_url":"https:\/\/sisdia.df.gov.br\/home\/dados-e-informacoes\/","og_site_name":"SISDIA","article_modified_time":"2025-04-22T14:40:27+00:00","twitter_card":"summary_large_image","twitter_misc":{"Est. tempo de leitura":"3 minutos"},"schema":{"@context":"https:\/\/schema.org","@graph":[{"@type":"WebSite","@id":"https:\/\/sisdia.df.gov.br\/home\/#website","url":"https:\/\/sisdia.df.gov.br\/home\/","name":"SISDIA","description":"Sistema Distrital de Informa\u00e7\u00f5es Ambientais","potentialAction":[{"@type":"SearchAction","target":{"@type":"EntryPoint","urlTemplate":"https:\/\/sisdia.df.gov.br\/home\/?s={search_term_string}"},"query-input":"required name=search_term_string"}],"inLanguage":"pt-BR"},{"@type":"WebPage","@id":"https:\/\/sisdia.df.gov.br\/home\/dados-e-informacoes\/#webpage","url":"https:\/\/sisdia.df.gov.br\/home\/dados-e-informacoes\/","name":"Dados e Informa\u00e7\u00f5es - SISDIA","isPartOf":{"@id":"https:\/\/sisdia.df.gov.br\/home\/#website"},"datePublished":"2021-03-10T14:35:00+00:00","dateModified":"2025-04-22T14:40:27+00:00","description":"Dados e informa\u00e7\u00f5es","breadcrumb":{"@id":"https:\/\/sisdia.df.gov.br\/home\/dados-e-informacoes\/#breadcrumb"},"inLanguage":"pt-BR","potentialAction":[{"@type":"ReadAction","target":["https:\/\/sisdia.df.gov.br\/home\/dados-e-informacoes\/"]}]},{"@type":"BreadcrumbList","@id":"https:\/\/sisdia.df.gov.br\/home\/dados-e-informacoes\/#breadcrumb","itemListElement":[{"@type":"ListItem","position":1,"name":"In\u00edcio","item":"https:\/\/sisdia.df.gov.br\/home\/"},{"@type":"ListItem","position":2,"name":"Dados e Informa\u00e7\u00f5es"}]}]}},"_links":{"self":[{"href":"https:\/\/sisdia.df.gov.br\/home\/wp-json\/wp\/v2\/pages\/66"}],"collection":[{"href":"https:\/\/sisdia.df.gov.br\/home\/wp-json\/wp\/v2\/pages"}],"about":[{"href":"https:\/\/sisdia.df.gov.br\/home\/wp-json\/wp\/v2\/types\/page"}],"author":[{"embeddable":true,"href":"https:\/\/sisdia.df.gov.br\/home\/wp-json\/wp\/v2\/users\/1"}],"replies":[{"embeddable":true,"href":"https:\/\/sisdia.df.gov.br\/home\/wp-json\/wp\/v2\/comments?post=66"}],"version-history":[{"count":82,"href":"https:\/\/sisdia.df.gov.br\/home\/wp-json\/wp\/v2\/pages\/66\/revisions"}],"predecessor-version":[{"id":3376,"href":"https:\/\/sisdia.df.gov.br\/home\/wp-json\/wp\/v2\/pages\/66\/revisions\/3376"}],"wp:attachment":[{"href":"https:\/\/sisdia.df.gov.br\/home\/wp-json\/wp\/v2\/media?parent=66"}],"curies":[{"name":"wp","href":"https:\/\/api.w.org\/{rel}","templated":true}]}}