{"id":3296,"date":"2022-09-02T09:32:14","date_gmt":"2022-09-02T12:32:14","guid":{"rendered":"https:\/\/sisdia.df.gov.br\/home\/?page_id=3296"},"modified":"2022-09-02T13:33:14","modified_gmt":"2022-09-02T16:33:14","slug":"scripts","status":"publish","type":"page","link":"https:\/\/sisdia.df.gov.br\/home\/scripts\/","title":{"rendered":"Scripts"},"content":{"rendered":"<p>[et_pb_section fb_built=&#8221;1&#8243; admin_label=&#8221;Se\u00e7\u00e3o&#8221; module_id=&#8221;topo&#8221; _builder_version=&#8221;4.9.1&#8243; _module_preset=&#8221;default&#8221; background_color=&#8221;#f9f8ee&#8221; background_image=&#8221;https:\/\/sisdia.df.gov.br\/home\/wp-content\/uploads\/2021\/03\/BG.png&#8221; background_size=&#8221;contain&#8221; background_position=&#8221;top_right&#8221; min_height=&#8221;394.7px&#8221; custom_margin=&#8221;30px||||false|false&#8221; custom_padding=&#8221;|0px||||&#8221; da_disable_devices=&#8221;off|off|off&#8221; da_is_popup=&#8221;off&#8221; da_exit_intent=&#8221;off&#8221; da_has_close=&#8221;on&#8221; da_alt_close=&#8221;off&#8221; da_dark_close=&#8221;off&#8221; da_not_modal=&#8221;on&#8221; da_is_singular=&#8221;off&#8221; da_with_loader=&#8221;off&#8221; da_has_shadow=&#8221;on&#8221;][et_pb_row admin_label=&#8221;Topo&#8221; _builder_version=&#8221;4.9.1&#8243; _module_preset=&#8221;default&#8221; custom_margin=&#8221;0px||0px||true|true&#8221; custom_padding=&#8221;0px|0px|0px|0px|true|true&#8221;][et_pb_column type=&#8221;4_4&#8243; _builder_version=&#8221;4.9.1&#8243; _module_preset=&#8221;default&#8221;][et_pb_text _builder_version=&#8221;4.9.1&#8243; _module_preset=&#8221;default&#8221; text_font=&#8221;Dosis|700|||||||&#8221; text_text_color=&#8221;#333333&#8243; text_font_size=&#8221;44px&#8221; text_orientation=&#8221;center&#8221; custom_padding=&#8221;||30px||false|false&#8221; text_font_size_phone=&#8221;44px&#8221; text_font_size_last_edited=&#8221;off|phone&#8221; text_line_height_tablet=&#8221;&#8221; text_line_height_phone=&#8221;1.2em&#8221; text_line_height_last_edited=&#8221;on|phone&#8221;]Conhe\u00e7a as a\u00e7\u00f5es da SEMA para fortalecer o SISDIA[\/et_pb_text][\/et_pb_column][\/et_pb_row][et_pb_row admin_label=&#8221;Caixa 1&#8243; module_id=&#8221;storymap-atlas-2019&#8243; _builder_version=&#8221;4.9.1&#8243; _module_preset=&#8221;default&#8221; background_color=&#8221;#FFFFFF&#8221; transform_scale_tablet=&#8221;&#8221; transform_scale_phone=&#8221;95%|95%&#8221; transform_scale_last_edited=&#8221;on|phone&#8221; transform_translate_tablet=&#8221;&#8221; transform_translate_phone=&#8221;0px|-10px&#8221; transform_translate_last_edited=&#8221;on|phone&#8221; transform_translate_linked_phone=&#8221;off&#8221; transform_rotate_tablet=&#8221;&#8221; transform_rotate_phone=&#8221;&#8221; transform_rotate_last_edited=&#8221;on|phone&#8221; transform_skew_tablet=&#8221;&#8221; transform_skew_phone=&#8221;&#8221; transform_skew_last_edited=&#8221;on|phone&#8221; transform_origin_tablet=&#8221;&#8221; transform_origin_phone=&#8221;&#8221; transform_origin_last_edited=&#8221;on|phone&#8221; transform_styles_last_edited=&#8221;on|phone&#8221; custom_margin=&#8221;0px|auto|50px|auto|false|false&#8221; custom_padding=&#8221;0px||0px||false|false&#8221; hover_enabled=&#8221;0&#8243; transform_styles_tablet=&#8221;&#8221; transform_styles_phone=&#8221;&#8221; custom_css_main_element=&#8221;height:330px;&#8221; border_radii=&#8221;on|25px|25px|25px|25px&#8221; box_shadow_style=&#8221;preset3&#8243; custom_css_main_element__hover_enabled=&#8221;off|desktop&#8221; custom_css_main_element_last_edited=&#8221;on|phone&#8221; custom_css_main_element_phone=&#8221;height: 365px;||width: 85%;&#8221; sticky_enabled=&#8221;0&#8243; max_height=&#8221;272px&#8221; max_height_last_edited=&#8221;off|tablet&#8221; max_height_tablet=&#8221;1000px&#8221;][et_pb_column type=&#8221;4_4&#8243; _builder_version=&#8221;4.9.1&#8243; _module_preset=&#8221;default&#8221;][et_pb_text content_tablet=&#8221;&#8221; content_phone=&#8221;<\/p>\n<p><b>Entenda a hist\u00f3ria de evolu\u00e7\u00e3o da ocupa\u00e7\u00e3o do Distrito Federal<\/b><\/p>\n<p>&#8221; content_last_edited=&#8221;on|phone&#8221; _builder_version=&#8221;4.9.1&#8243; _module_preset=&#8221;default&#8221; text_font=&#8221;Dosis|700|||||||&#8221; text_font_size=&#8221;40px&#8221; text_line_height=&#8221;40px&#8221; custom_margin=&#8221;23px||||false|false&#8221; custom_margin_tablet=&#8221;&#8221; custom_margin_phone=&#8221;0px||||false|false&#8221; custom_margin_last_edited=&#8221;on|phone&#8221; custom_padding=&#8221;|86px||||&#8221; custom_padding_tablet=&#8221;&#8221; custom_padding_phone=&#8221;0px|30px|0px|30px|true|true&#8221; custom_padding_last_edited=&#8221;on|phone&#8221; hover_enabled=&#8221;0&#8243; text_font_size_tablet=&#8221;&#8221; text_font_size_phone=&#8221;17px&#8221; text_font_size_last_edited=&#8221;on|phone&#8221; text_line_height_tablet=&#8221;&#8221; text_line_height_phone=&#8221;17px&#8221; text_line_height_last_edited=&#8221;on|phone&#8221; sticky_enabled=&#8221;0&#8243;]<\/p>\n<p style=\"text-align: center;\"><b>An\u00e1lise xxx xxxxxxxx xxxxxxx<\/b><\/p>\n<p>[\/et_pb_text][et_pb_text content_tablet=&#8221;&#8221; content_phone=&#8221;<\/p>\n<p>Do Projeto do Plano Piloto de Lucio Costa a configura\u00e7\u00e3o urbana atual e sua rela\u00e7\u00e3o com o uso e ocupa\u00e7\u00e3o do Solo.<\/p>\n<p>&#8221; content_last_edited=&#8221;on|phone&#8221; _builder_version=&#8221;4.9.1&#8243; _module_preset=&#8221;default&#8221; text_font=&#8221;Roboto|300|||||||&#8221; text_text_color=&#8221;#707070&#8243; text_font_size=&#8221;18px&#8221; custom_margin=&#8221;|50px|9px||false|false&#8221; custom_margin_tablet=&#8221;&#8221; custom_margin_phone=&#8221;0px|45px|0px|45px|false|true&#8221; custom_margin_last_edited=&#8221;on|phone&#8221; custom_padding=&#8221;|12px||||&#8221; hover_enabled=&#8221;0&#8243; text_font_size_tablet=&#8221;&#8221; text_font_size_phone=&#8221;14px&#8221; text_font_size_last_edited=&#8221;on|phone&#8221; text_line_height_tablet=&#8221;&#8221; text_line_height_phone=&#8221;1.2em&#8221; text_line_height_last_edited=&#8221;on|phone&#8221; sticky_enabled=&#8221;0&#8243;]<\/p>\n<p style=\"text-align: center;\"><span style=\"font-weight: 400;\">Texto para a descri\u00e7\u00e3o da an\u00e1lise xxx xxx xxxxx<\/span><\/p>\n<p>[\/et_pb_text][et_pb_button button_url=&#8221;https:\/\/sisdia.df.gov.br\/portal\/apps\/storymaps\/stories\/8f3207f6d52848ed9bb303126176b92c&#8221; url_new_window=&#8221;on&#8221; button_text=&#8221;Abaxe os Scripts no GitHub&#8221; button_text_tablet=&#8221;&#8221; button_text_phone=&#8221;Conhe\u00e7a mais sobre a a\u00e7\u00e3o&#8221; button_text_last_edited=&#8221;on|phone&#8221; button_alignment_tablet=&#8221;&#8221; button_alignment_phone=&#8221;center&#8221; button_alignment_last_edited=&#8221;on|phone&#8221; _builder_version=&#8221;4.9.1&#8243; _module_preset=&#8221;default&#8221; button_text_size=&#8221;15px&#8221; button_text_color=&#8221;#3D82A8&#8243; button_border_width=&#8221;0px&#8221; button_font=&#8221;Roboto|500|||||||&#8221; button_icon=&#8221;%%24%%&#8221; transform_scale_tablet=&#8221;&#8221; transform_scale_phone=&#8221;90%|90%&#8221; transform_scale_last_edited=&#8221;on|phone&#8221; transform_translate_tablet=&#8221;&#8221; transform_translate_phone=&#8221;&#8221; transform_translate_last_edited=&#8221;on|phone&#8221; transform_rotate_tablet=&#8221;&#8221; transform_rotate_phone=&#8221;&#8221; transform_rotate_last_edited=&#8221;on|phone&#8221; transform_skew_tablet=&#8221;&#8221; transform_skew_phone=&#8221;&#8221; transform_skew_last_edited=&#8221;on|phone&#8221; transform_origin_tablet=&#8221;&#8221; transform_origin_phone=&#8221;&#8221; transform_origin_last_edited=&#8221;on|phone&#8221; transform_styles_last_edited=&#8221;on|phone&#8221; custom_margin=&#8221;-1px||||false|false&#8221; custom_margin_tablet=&#8221;&#8221; custom_margin_phone=&#8221;30px|10px|0px|30px|false|false&#8221; custom_margin_last_edited=&#8221;on|phone&#8221; hover_enabled=&#8221;0&#8243; transform_styles_tablet=&#8221;&#8221; transform_styles_phone=&#8221;&#8221; button_alignment=&#8221;center&#8221; sticky_enabled=&#8221;0&#8243;][\/et_pb_button][\/et_pb_column][\/et_pb_row][et_pb_row admin_label=&#8221;Caixa 1&#8243; module_id=&#8221;storymap-atlas-2019&#8243; _builder_version=&#8221;4.9.1&#8243; _module_preset=&#8221;default&#8221; background_color=&#8221;#FFFFFF&#8221; transform_scale_tablet=&#8221;&#8221; transform_scale_phone=&#8221;95%|95%&#8221; transform_scale_last_edited=&#8221;on|phone&#8221; transform_translate_tablet=&#8221;&#8221; transform_translate_phone=&#8221;0px|-10px&#8221; transform_translate_last_edited=&#8221;on|phone&#8221; transform_translate_linked_phone=&#8221;off&#8221; transform_rotate_tablet=&#8221;&#8221; transform_rotate_phone=&#8221;&#8221; transform_rotate_last_edited=&#8221;on|phone&#8221; transform_skew_tablet=&#8221;&#8221; transform_skew_phone=&#8221;&#8221; transform_skew_last_edited=&#8221;on|phone&#8221; transform_origin_tablet=&#8221;&#8221; transform_origin_phone=&#8221;&#8221; transform_origin_last_edited=&#8221;on|phone&#8221; transform_styles_last_edited=&#8221;on|phone&#8221; custom_margin=&#8221;0px|auto|50px|auto|false|false&#8221; custom_padding=&#8221;0px||0px||false|false&#8221; hover_enabled=&#8221;0&#8243; transform_styles_tablet=&#8221;&#8221; transform_styles_phone=&#8221;&#8221; custom_css_main_element=&#8221;height:330px;&#8221; border_radii=&#8221;on|25px|25px|25px|25px&#8221; box_shadow_style=&#8221;preset3&#8243; custom_css_main_element__hover_enabled=&#8221;off|desktop&#8221; custom_css_main_element_last_edited=&#8221;on|phone&#8221; custom_css_main_element_phone=&#8221;height: 365px;||width: 85%;&#8221; sticky_enabled=&#8221;0&#8243; max_height=&#8221;272px&#8221; max_height_last_edited=&#8221;off|tablet&#8221; max_height_tablet=&#8221;1000px&#8221;][et_pb_column type=&#8221;4_4&#8243; _builder_version=&#8221;4.9.1&#8243; _module_preset=&#8221;default&#8221;][et_pb_text content_tablet=&#8221;&#8221; content_phone=&#8221;<\/p>\n<p><b>Entenda a hist\u00f3ria de evolu\u00e7\u00e3o da ocupa\u00e7\u00e3o do Distrito Federal<\/b><\/p>\n<p>&#8221; content_last_edited=&#8221;on|phone&#8221; _builder_version=&#8221;4.9.1&#8243; _module_preset=&#8221;default&#8221; text_font=&#8221;Dosis|700|||||||&#8221; text_font_size=&#8221;40px&#8221; text_line_height=&#8221;40px&#8221; custom_margin=&#8221;23px||||false|false&#8221; custom_margin_tablet=&#8221;&#8221; custom_margin_phone=&#8221;0px||||false|false&#8221; custom_margin_last_edited=&#8221;on|phone&#8221; custom_padding=&#8221;|86px||||&#8221; custom_padding_tablet=&#8221;&#8221; custom_padding_phone=&#8221;0px|30px|0px|30px|true|true&#8221; custom_padding_last_edited=&#8221;on|phone&#8221; hover_enabled=&#8221;0&#8243; text_font_size_tablet=&#8221;&#8221; text_font_size_phone=&#8221;17px&#8221; text_font_size_last_edited=&#8221;on|phone&#8221; text_line_height_tablet=&#8221;&#8221; text_line_height_phone=&#8221;17px&#8221; text_line_height_last_edited=&#8221;on|phone&#8221; sticky_enabled=&#8221;0&#8243;]<\/p>\n<p style=\"text-align: center;\"><b>An\u00e1lise xxx xxxxxxxx xxxxxxx<\/b><\/p>\n<p>[\/et_pb_text][et_pb_text content_tablet=&#8221;&#8221; content_phone=&#8221;<\/p>\n<p>Do Projeto do Plano Piloto de Lucio Costa a configura\u00e7\u00e3o urbana atual e sua rela\u00e7\u00e3o com o uso e ocupa\u00e7\u00e3o do Solo.<\/p>\n<p>&#8221; content_last_edited=&#8221;on|phone&#8221; _builder_version=&#8221;4.9.1&#8243; _module_preset=&#8221;default&#8221; text_font=&#8221;Roboto|300|||||||&#8221; text_text_color=&#8221;#707070&#8243; text_font_size=&#8221;18px&#8221; custom_margin=&#8221;|50px|9px||false|false&#8221; custom_margin_tablet=&#8221;&#8221; custom_margin_phone=&#8221;0px|45px|0px|45px|false|true&#8221; custom_margin_last_edited=&#8221;on|phone&#8221; custom_padding=&#8221;|12px||||&#8221; hover_enabled=&#8221;0&#8243; text_font_size_tablet=&#8221;&#8221; text_font_size_phone=&#8221;14px&#8221; text_font_size_last_edited=&#8221;on|phone&#8221; text_line_height_tablet=&#8221;&#8221; text_line_height_phone=&#8221;1.2em&#8221; text_line_height_last_edited=&#8221;on|phone&#8221; sticky_enabled=&#8221;0&#8243;]<\/p>\n<p style=\"text-align: center;\"><span style=\"font-weight: 400;\">Texto para a descri\u00e7\u00e3o da an\u00e1lise xxx xxx xxxxx<\/span><\/p>\n<p>[\/et_pb_text][et_pb_button button_url=&#8221;https:\/\/sisdia.df.gov.br\/portal\/apps\/storymaps\/stories\/8f3207f6d52848ed9bb303126176b92c&#8221; url_new_window=&#8221;on&#8221; button_text=&#8221;Abaxe os Scripts no GitHub&#8221; button_text_tablet=&#8221;&#8221; button_text_phone=&#8221;Conhe\u00e7a mais sobre a a\u00e7\u00e3o&#8221; button_text_last_edited=&#8221;on|phone&#8221; button_alignment_tablet=&#8221;&#8221; button_alignment_phone=&#8221;center&#8221; button_alignment_last_edited=&#8221;on|phone&#8221; _builder_version=&#8221;4.9.1&#8243; _module_preset=&#8221;default&#8221; button_text_size=&#8221;15px&#8221; button_text_color=&#8221;#3D82A8&#8243; button_border_width=&#8221;0px&#8221; button_font=&#8221;Roboto|500|||||||&#8221; button_icon=&#8221;%%24%%&#8221; transform_scale_tablet=&#8221;&#8221; transform_scale_phone=&#8221;90%|90%&#8221; transform_scale_last_edited=&#8221;on|phone&#8221; transform_translate_tablet=&#8221;&#8221; transform_translate_phone=&#8221;&#8221; transform_translate_last_edited=&#8221;on|phone&#8221; transform_rotate_tablet=&#8221;&#8221; transform_rotate_phone=&#8221;&#8221; transform_rotate_last_edited=&#8221;on|phone&#8221; transform_skew_tablet=&#8221;&#8221; transform_skew_phone=&#8221;&#8221; transform_skew_last_edited=&#8221;on|phone&#8221; transform_origin_tablet=&#8221;&#8221; transform_origin_phone=&#8221;&#8221; transform_origin_last_edited=&#8221;on|phone&#8221; transform_styles_last_edited=&#8221;on|phone&#8221; custom_margin=&#8221;-1px||||false|false&#8221; custom_margin_tablet=&#8221;&#8221; custom_margin_phone=&#8221;30px|10px|0px|30px|false|false&#8221; custom_margin_last_edited=&#8221;on|phone&#8221; hover_enabled=&#8221;0&#8243; transform_styles_tablet=&#8221;&#8221; transform_styles_phone=&#8221;&#8221; button_alignment=&#8221;center&#8221; sticky_enabled=&#8221;0&#8243;][\/et_pb_button][\/et_pb_column][\/et_pb_row][et_pb_row column_structure=&#8221;3_4,1_4&#8243; admin_label=&#8221;Voltar ao topo&#8221; module_id=&#8221;voltar-ao-topo&#8221; _builder_version=&#8221;4.9.1&#8243; _module_preset=&#8221;default&#8221; custom_margin=&#8221;||||false|false&#8221; custom_padding=&#8221;3px||0px||false|false&#8221; global_module=&#8221;1419&#8243; saved_tabs=&#8221;all&#8221;][et_pb_column type=&#8221;3_4&#8243; admin_label=&#8221;Coluna&#8221; _builder_version=&#8221;4.9.1&#8243; _module_preset=&#8221;default&#8221;][et_pb_image src=&#8221;https:\/\/sisdia.df.gov.br\/home\/wp-content\/uploads\/2021\/03\/fundo-2.png&#8221; src_tablet=&#8221;&#8221; src_phone=&#8221;&#8221; src_last_edited=&#8221;on|desktop&#8221; disabled_on=&#8221;on|off|off&#8221; admin_label=&#8221;Imagem&#8221; module_id=&#8221;folha-fixada-rodape&#8221; _builder_version=&#8221;4.9.1&#8243; _module_preset=&#8221;default&#8221; module_alignment=&#8221;left&#8221; custom_margin=&#8221;||||false|false&#8221; custom_padding=&#8221;||||false|false&#8221; custom_css_main_element=&#8221;position: fixed !important;||z-index: 1 !important;||bottom: -3em !important;||left: 0 !important;&#8221; src__hover_enabled=&#8221;off|desktop&#8221;][\/et_pb_image][\/et_pb_column][et_pb_column type=&#8221;1_4&#8243; admin_label=&#8221;Dados-e-informacoes-button&#8221; _builder_version=&#8221;4.9.1&#8243; _module_preset=&#8221;default&#8221;][et_pb_button button_url=&#8221;#topo&#8221; button_text=&#8221; &#8221; button_alignment=&#8221;right&#8221; admin_label=&#8221;Dados-e-informacoes-button&#8221; module_id=&#8221;voltar-ao-topo&#8221; _builder_version=&#8221;4.9.1&#8243; _module_preset=&#8221;default&#8221; button_text_size=&#8221;29px&#8221; button_text_color=&#8221;#707070&#8243; button_bg_color=&#8221;rgba(255,255,255,0.8)&#8221; button_border_width=&#8221;0px&#8221; button_icon=&#8221;%%21%%&#8221; button_icon_placement=&#8221;right&#8221; z_index=&#8221;1&#8243; custom_margin=&#8221;||||false|false&#8221; custom_padding=&#8221;0px|48px|0px|0px|true|false&#8221; custom_css_main_element=&#8221;position: fixed !important;||bottom: 1em !important;||right: 1em !important;||z-index: 1 !important;||width: 50px;||height: 50px;||border-radius: 100px;&#8221; box_shadow_style=&#8221;preset1&#8243; box_shadow_vertical=&#8221;0px&#8221; box_shadow_blur=&#8221;5px&#8221;][\/et_pb_button][\/et_pb_column][\/et_pb_row][\/et_pb_section]<\/p>\n","protected":false},"excerpt":{"rendered":"<p>[et_pb_section fb_built=&#8221;1&#8243; admin_label=&#8221;Se\u00e7\u00e3o&#8221; module_id=&#8221;topo&#8221; _builder_version=&#8221;4.9.1&#8243; _module_preset=&#8221;default&#8221; background_color=&#8221;#f9f8ee&#8221; background_image=&#8221;https:\/\/sisdia.df.gov.br\/home\/wp-content\/uploads\/2021\/03\/BG.png&#8221; background_size=&#8221;contain&#8221; background_position=&#8221;top_right&#8221; min_height=&#8221;394.7px&#8221; custom_margin=&#8221;30px||||false|false&#8221; custom_padding=&#8221;|0px||||&#8221; da_disable_devices=&#8221;off|off|off&#8221; da_is_popup=&#8221;off&#8221; da_exit_intent=&#8221;off&#8221; da_has_close=&#8221;on&#8221; da_alt_close=&#8221;off&#8221; da_dark_close=&#8221;off&#8221; da_not_modal=&#8221;on&#8221; da_is_singular=&#8221;off&#8221; da_with_loader=&#8221;off&#8221; da_has_shadow=&#8221;on&#8221;][et_pb_row admin_label=&#8221;Topo&#8221; _builder_version=&#8221;4.9.1&#8243; _module_preset=&#8221;default&#8221; custom_margin=&#8221;0px||0px||true|true&#8221; custom_padding=&#8221;0px|0px|0px|0px|true|true&#8221;][et_pb_column type=&#8221;4_4&#8243; _builder_version=&#8221;4.9.1&#8243; _module_preset=&#8221;default&#8221;][et_pb_text _builder_version=&#8221;4.9.1&#8243; _module_preset=&#8221;default&#8221; text_font=&#8221;Dosis|700|||||||&#8221; text_text_color=&#8221;#333333&#8243; text_font_size=&#8221;44px&#8221; text_orientation=&#8221;center&#8221; custom_padding=&#8221;||30px||false|false&#8221; text_font_size_phone=&#8221;44px&#8221; text_font_size_last_edited=&#8221;off|phone&#8221; text_line_height_tablet=&#8221;&#8221; text_line_height_phone=&#8221;1.2em&#8221; text_line_height_last_edited=&#8221;on|phone&#8221;]Conhe\u00e7a as a\u00e7\u00f5es da SEMA para fortalecer o SISDIA[\/et_pb_text][\/et_pb_column][\/et_pb_row][et_pb_row admin_label=&#8221;Caixa 1&#8243; module_id=&#8221;storymap-atlas-2019&#8243; _builder_version=&#8221;4.9.1&#8243; [&hellip;]<\/p>\n","protected":false},"author":8,"featured_media":0,"parent":0,"menu_order":0,"comment_status":"closed","ping_status":"closed","template":"","meta":{"_et_pb_use_builder":"on","_et_pb_old_content":"","_et_gb_content_width":"","footnotes":""},"yoast_head":"<!-- This site is optimized with the Yoast SEO plugin v16.8 - https:\/\/yoast.com\/wordpress\/plugins\/seo\/ -->\r\n<title>{WPSTG_NULL}<\/title>\r\n<meta name=\"description\" content=\"{WPSTG_NULL}\" \/>\r\n<meta name=\"robots\" content=\"index, follow, max-snippet:-1, max-image-preview:large, max-video-preview:-1\" \/>\r\n<link rel=\"canonical\" href=\"http:\/\/WPSTG_NULL\" \/>\r\n<meta property=\"og:locale\" content=\"pt_BR\" \/>\r\n<meta property=\"og:type\" content=\"article\" \/>\r\n<meta property=\"og:title\" content=\"{WPSTG_NULL}\" \/>\r\n<meta property=\"og:description\" content=\"{WPSTG_NULL}\" \/>\r\n<meta property=\"og:url\" content=\"{WPSTG_NULL}\" \/>\r\n<meta property=\"og:site_name\" content=\"SISDIA\" \/>\r\n<meta property=\"article:modified_time\" content=\"2022-09-02T16:33:14+00:00\" \/>\r\n<meta name=\"twitter:card\" content=\"summary_large_image\" \/>\r\n<meta name=\"twitter:title\" content=\"{WPSTG_NULL}\" \/>\r\n<meta name=\"twitter:description\" content=\"{WPSTG_NULL}\" \/>\r\n<script type=\"application\/ld+json\" class=\"yoast-schema-graph\">{\"@context\":\"https:\/\/schema.org\",\"@graph\":[{\"@type\":\"WebSite\",\"@id\":\"https:\/\/sisdia.df.gov.br\/home\/#website\",\"url\":\"https:\/\/sisdia.df.gov.br\/home\/\",\"name\":\"SISDIA\",\"description\":\"Sistema Distrital de Informa\\u00e7\\u00f5es Ambientais\",\"potentialAction\":[{\"@type\":\"SearchAction\",\"target\":{\"@type\":\"EntryPoint\",\"urlTemplate\":\"https:\/\/sisdia.df.gov.br\/home\/?s={search_term_string}\"},\"query-input\":\"required name=search_term_string\"}],\"inLanguage\":\"pt-BR\"},{\"@type\":[\"WebPage\",\"{WPSTG_NULL}\"],\"@id\":\"{WPSTG_NULL}#webpage\",\"url\":\"{WPSTG_NULL}\",\"name\":\"{WPSTG_NULL}\",\"isPartOf\":{\"@id\":\"https:\/\/sisdia.df.gov.br\/home\/#website\"},\"datePublished\":\"2022-09-02T12:32:14+00:00\",\"dateModified\":\"2022-09-02T16:33:14+00:00\",\"description\":\"{WPSTG_NULL}\",\"breadcrumb\":{\"@id\":\"{WPSTG_NULL}#breadcrumb\"},\"inLanguage\":\"pt-BR\",\"potentialAction\":[{\"@type\":\"ReadAction\",\"target\":[\"{WPSTG_NULL}\"]}]},{\"@type\":\"BreadcrumbList\",\"@id\":\"{WPSTG_NULL}#breadcrumb\",\"itemListElement\":[{\"@type\":\"ListItem\",\"position\":1,\"name\":\"In\\u00edcio\",\"item\":\"https:\/\/sisdia.df.gov.br\/home\/\"},{\"@type\":\"ListItem\",\"position\":2,\"name\":\"Scripts\"}]},{\"@type\":\"Person\",\"@id\":\"https:\/\/sisdia.df.gov.br\/home\/#\/schema\/person\/8a0c5816e99a14b62dbce4f6bc812e6c\",\"name\":\"sisdia\",\"url\":\"https:\/\/sisdia.df.gov.br\/home\/author\/sisdia\/\"}]}<\/script>\r\n<!-- \/ Yoast SEO plugin. -->","yoast_head_json":{"title":"{WPSTG_NULL}","description":"{WPSTG_NULL}","robots":{"index":"index","follow":"follow","max-snippet":"max-snippet:-1","max-image-preview":"max-image-preview:large","max-video-preview":"max-video-preview:-1"},"canonical":"{WPSTG_NULL}","og_locale":"pt_BR","og_type":"article","og_title":"{WPSTG_NULL}","og_description":"{WPSTG_NULL}","og_url":"{WPSTG_NULL}","og_site_name":"SISDIA","article_modified_time":"2022-09-02T16:33:14+00:00","twitter_card":"summary_large_image","twitter_title":"{WPSTG_NULL}","twitter_description":"{WPSTG_NULL}","schema":{"@context":"https:\/\/schema.org","@graph":[{"@type":"WebSite","@id":"https:\/\/sisdia.df.gov.br\/home\/#website","url":"https:\/\/sisdia.df.gov.br\/home\/","name":"SISDIA","description":"Sistema Distrital de Informa\u00e7\u00f5es Ambientais","potentialAction":[{"@type":"SearchAction","target":{"@type":"EntryPoint","urlTemplate":"https:\/\/sisdia.df.gov.br\/home\/?s={search_term_string}"},"query-input":"required name=search_term_string"}],"inLanguage":"pt-BR"},{"@type":["WebPage","{WPSTG_NULL}"],"@id":"{WPSTG_NULL}#webpage","url":"{WPSTG_NULL}","name":"{WPSTG_NULL}","isPartOf":{"@id":"https:\/\/sisdia.df.gov.br\/home\/#website"},"datePublished":"2022-09-02T12:32:14+00:00","dateModified":"2022-09-02T16:33:14+00:00","description":"{WPSTG_NULL}","breadcrumb":{"@id":"{WPSTG_NULL}#breadcrumb"},"inLanguage":"pt-BR","potentialAction":[{"@type":"ReadAction","target":["{WPSTG_NULL}"]}]},{"@type":"BreadcrumbList","@id":"{WPSTG_NULL}#breadcrumb","itemListElement":[{"@type":"ListItem","position":1,"name":"In\u00edcio","item":"https:\/\/sisdia.df.gov.br\/home\/"},{"@type":"ListItem","position":2,"name":"Scripts"}]},{"@type":"Person","@id":"https:\/\/sisdia.df.gov.br\/home\/#\/schema\/person\/8a0c5816e99a14b62dbce4f6bc812e6c","name":"sisdia","url":"https:\/\/sisdia.df.gov.br\/home\/author\/sisdia\/"}]}},"_links":{"self":[{"href":"https:\/\/sisdia.df.gov.br\/home\/wp-json\/wp\/v2\/pages\/3296"}],"collection":[{"href":"https:\/\/sisdia.df.gov.br\/home\/wp-json\/wp\/v2\/pages"}],"about":[{"href":"https:\/\/sisdia.df.gov.br\/home\/wp-json\/wp\/v2\/types\/page"}],"author":[{"embeddable":true,"href":"https:\/\/sisdia.df.gov.br\/home\/wp-json\/wp\/v2\/users\/8"}],"replies":[{"embeddable":true,"href":"https:\/\/sisdia.df.gov.br\/home\/wp-json\/wp\/v2\/comments?post=3296"}],"version-history":[{"count":4,"href":"https:\/\/sisdia.df.gov.br\/home\/wp-json\/wp\/v2\/pages\/3296\/revisions"}],"predecessor-version":[{"id":3302,"href":"https:\/\/sisdia.df.gov.br\/home\/wp-json\/wp\/v2\/pages\/3296\/revisions\/3302"}],"wp:attachment":[{"href":"https:\/\/sisdia.df.gov.br\/home\/wp-json\/wp\/v2\/media?parent=3296"}],"curies":[{"name":"wp","href":"https:\/\/api.w.org\/{rel}","templated":true}]}}